 210?
6
What is the greatest common factor of 2125 and 375?
125
What is the greatest common divisor of 10 and 50?
10
Calculate the greatest common factor of 528 and 22.
22
What is the greatest common factor of 81 and 15?
3
Calculate the highest common factor of 196 and 112.
28
Calculate the highest common factor of 260 and 52.
52
Calculate the greatest common factor of 1284 and 12.
12
What is the highest common divisor of 12 and 12?
12
What is the highest common divisor of 100 and 50?
50
What is the greatest common divisor of 8435 and 7?
7
What is the highest common factor of 50 and 43?
1
Calculate the greatest common divisor of 2419 and 118.
59
What is the highest common divisor of 32 and 32?
32
Calculate the greatest common divisor of 2632 and 63.
7
What is the highest common divisor of 268 and 8?
4
What is the greatest common factor of 6298 and 67?
67
What is the greatest common divisor of 160 and 670?
10
Calculate the greatest common factor of 190 and 399.
19
Calculate the highest common factor of 256 and 416.
32
Calculate the greatest common factor of 24 and 108.
12
Calculate the highest common divisor of 43 and 32293.
43
Calculate the highest common divisor of 111 and 185.
37
What is the greatest common factor of 35 and 95?
5
Calculate the highest common divisor of 44993 and 26.
13
Calculate the greatest common factor of 19849 and 46.
23
Calculate the highest common factor of 81 and 1161.
27
What is the highest common divisor of 39 and 9?
3
What is the highest common factor of 77 and 616?
77
Calculate the greatest common divisor of 145 and 29.
29
What is the highest common factor of 2080 and 1235?
65
Calculate the greatest common divisor of 120 and 21570.
30
What is the highest common divisor of 420 and 700?
140
What is the greatest common factor of 10 and 1490?
10
What is the greatest common divisor of 16680 and 120?
120
What is the highest common divisor of 9 and 279?
9
Calculate the greatest common divisor of 480 and 540.
60
What is the highest common divisor of 110 and 275?
55
What is the greatest common factor of 405 and 255?
15
What is the highest common divisor of 6 and 1479?
3
Calculate the highest common factor of 620 and 90.
10
What is the greatest common divisor of 281 and 69407?
281
Calculate the highest common divisor of 2370 and 5.
5
What is the highest common divisor of 219 and 146?
73
What is the greatest common divisor of 12 and 420?
12
Calculate the greatest common factor of 49 and 2597.
49
What is the highest common factor of 12 and 30?
6
What is the highest common divisor of 18 and 342?
18
What is the highest common divisor of 272 and 1156?
68
Calculate the greatest common factor of 636 and 6.
6
What is the highest common factor of 1358 and 14?
14
What is the highest common factor of 377 and 290?
29
What is the highest common factor of 133 and 19?
19
What is the highest common divisor of 12 and 474?
6
What is the greatest common factor of 11 and 121?
11
Calculate the highest common factor of 38 and 4883.
19
Calculate the greatest common divisor of 126 and 1330.
14
Calculate the greatest common factor of 24 and 1548.
12
What is the greatest common factor of 900 and 36?
36
What is the greatest common divisor of 116 and 1056?
4
Calculate the greatest common factor of 13 and 2379.
13
Calculate the greatest common divisor of 40 and 4700.
20
Calculate the greatest common divisor of 4 and 1156.
4
Calculate the highest common factor of 17 and 5899.
17
Calculate the greatest common factor of 290 and 30.
10
Calculate the greatest common divisor of 14 and 14.
14
What is the highest common divisor of 18 and 18?
18
Calculate the highest common factor of 15 and 3840.
15
What is the greatest common factor of 400 and 16?
16
What is the greatest common factor of 11 and 88?
11
Calculate the greatest common divisor of 4 and 46.
2
Calculate the highest common divisor of 539 and 343.
49
Calculate the greatest common factor of 125 and 35.
5
Calculate the highest common divisor of 1620 and 60.
60
Calculate the greatest common factor of 9053 and 11.
11
Calculate the greatest common divisor of 12 and 4206.
6
What is the greatest common factor of 69 and 159?
3
Calculate the greatest common factor of 476 and 84.
28
Calculate the greatest common divisor of 24 and 10860.
12
Calculate the highest common divisor of 344 and 8.
8
What is the greatest common divisor of 374 and 3553?
187
Calculate the highest common divisor of 490 and 23422.
98
Calculate the greatest common factor of 2720 and 560.
80
What is the highest common divisor of 350 and 14?
14
Calculate the greatest common factor of 6 and 1014.
6
Calculate the greatest common factor of 39 and 17589.
39
Calculate the highest common factor of 318 and 2438.
106
Calculate the highest common divisor of 67 and 1541.
67
Calculate the greatest common divisor of 4864 and 57.
19
Calculate the greatest common divisor of 30 and 580.
10
Calculate the greatest common divisor of 165 and 1200.
15
What is the greatest common factor of 450 and 25?
25
What is the greatest common divisor of 290 and 430?
10
Calculate the greatest common factor of 15828 and 36.
12
Calculate the greatest common factor of 360 and 72.
72
What is the greatest common divisor of 505 and 5?
5
Calculate the highest common divisor of 21586 and 172.
86
What is the highest common factor of 20 and 290?
10
Calculate the highest common divisor of 1413 and 628.
157
What is the highest common factor of 627 and 132?
33
Calculate the highest common divisor of 4 and 11372.
4
What is the greatest common divisor of 756 and 21?
21
What is the highest common divisor of 14 and 322?
14
Calculate the highest common factor of 11130 and 210.
210
Calculate the highest common factor of 9 and 159.
3
Calculate the highest common divisor of 32 and 128.
32
What is the greatest common factor of 12528 and 16?
16
What is the greatest common factor of 2835 and 175?
35
What is the highest common divisor of 4344 and 72?
24
Calculate the greatest common divisor of 165 and 10.
5
Calculate the highest common factor of 6484 and 4.
4
What is the greatest common divisor of 288 and 1760?
32
What is the greatest common factor of 2732 and 28?
4
What is the greatest common divisor of 48 and 1668?
12
What is the highest common divisor of 124 and 806?
62
Calculate the highest common factor of 26 and 2626.
26
Calculate the highest common divisor of 3492 and 36.
36
Calculate the highest common factor of 412 and 14626.
206
Calculate the greatest common divisor of 14770 and 420.
70
Calculate the highest common factor of 39 and 299.
13
Calculate the highest common divisor of 354 and 118.
118
What is the greatest common factor of 668 and 501?
167
Calculate the highest common factor of 64 and 512.
64
Calculate the highest common factor of 350 and 70.
70
What is the greatest common factor of 26 and 377?
13
Calculate the greatest common factor of 15 and 10.
5
Calculate the greatest common factor of 110 and 176.
22
What is the greatest common factor of 289 and 34?
17
What is the highest common factor of 20 and 228?
4
Calculate the highest common divisor of 2892 and 24.
12
What is the greatest common divisor of 4018 and 112?
14
What is the greatest common divisor of 45 and 24345?
45
Calculate the highest common factor of 45960 and 60.
60
Calculate the highest common divisor of 1345 and 5.
5
What is the greatest common factor of 4 and 36?
4
What is the greatest common factor of 48 and 108?
12
Calculate the greatest common divisor of 132 and 836.
44
Calculate the greatest common divisor of 56 and 581.
7
Calculate the greatest common divisor of 2535 and 6435.
195
What is the highest common factor of 95 and 190?
95
What is the greatest common factor of 200 and 760?
40
What is the highest common factor of 175 and 28?
7
What is the greatest common divisor of 22736 and 406?
406
What is the greatest common factor of 366 and 24?
6
What is the highest common factor of 1204 and 77?
7
What is the highest common divisor of 512 and 36?
4
What is the highest common divisor of 901 and 17?
17
Calculate the greatest common factor of 6407 and 215.
43
What is the greatest common divisor of 65 and 3601?
13
What is the greatest common divisor of 46 and 17?
1
Calculate the greatest common divisor of 3193 and 21